{"id":6,"date":"2015-03-28T12:26:11","date_gmt":"2015-03-28T12:26:11","guid":{"rendered":"http:\/\/secmarilia.org.br\/site\/?page_id=6"},"modified":"2023-08-23T16:58:30","modified_gmt":"2023-08-23T16:58:30","slug":"sindicato","status":"publish","type":"page","link":"https:\/\/secmarilia.org.br\/site\/sindicato\/","title":{"rendered":"Seu Sindicato"},"content":{"rendered":"<h3><\/h3>\n<h3><strong>O nosso Sindicato<\/strong><\/h3>\n<p>O Sindicato dos Empregados no Com\u00e9rcio de Mar\u00edlia foi fundado no dia 06 do julho de 1935. A entidade \u00e9 s\u00f3cio-fundador da Federa\u00e7\u00e3o dos Empregados no Com\u00e9rcio do Estado de S\u00e3o Paulo, que tem hoje 69 Sindicatos Filiados e possu\u00ed uma categoria de 2,5 milh\u00f5es de comerci\u00e1rios no Estado de S\u00e3o Paulo.<\/p>\n<p>O Sindicatos do Comerci\u00e1rios de Mar\u00edlia, tem como base territorial as cidades de\u00a0Mar\u00edlia, Pomp\u00e9ia, Guaimb\u00e9, Lup\u00e9rcio, a, Ocau\u00e7u, Oriente, Oscar Bressane, \u00a0Vera Cruz, Amadeu Amaral\u00a0 e Quintana defendendo mais de 11 mil trabalhadores comerci\u00e1rios.<\/p>\n<p>O atual presidente M\u00e1rio Aparecido Herrera administra a entidade com brilhantismo e garra na defesa do trabalhador comerci\u00e1rio<\/p>\n<h3><strong>Nossa Sede<\/strong><\/h3>\n<p>Rua Para\u00edba n\u00ba31 \u2013 Centro \u2013 Mar\u00edlia\/SP<\/p>\n<p>Telefone: (14)3413-1059<\/p>\n<p>e-mail: <a href=\"mailto:sindicato@secmarilia.org.br\">sindicato@secmarilia.org.br<\/a><\/p>\n<p>Site: www.secmarilia.org.br<\/p>\n<p>Facebook:\u00a0www.facebook.com\/comeciariosmarilia<\/p>\n<h3><strong>Nossa Diretoria<\/strong><\/h3>\n<p>Mario Aparecido Herrera<br \/>\n<strong>Presidente<\/strong><\/p>\n<p>Anderson Rodrigo P. dos Santos<br \/>\n<strong>1\u00ba Vice-presidente<\/strong><\/p>\n<p>Ant\u00f4nio Carlos Garcia<br \/>\n<strong>1\u00ba Tesoureiro<\/strong><\/p>\n","protected":false},"excerpt":{"rendered":"<p>O nosso Sindicato O Sindicato dos Empregados no Com\u00e9rcio de Mar\u00edlia foi fundado no dia 06 do julho de 1935. A entidade \u00e9 s\u00f3cio-fundador da Federa\u00e7\u00e3o dos Empregados no Com\u00e9rcio do Estado de S\u00e3o Paulo, que tem hoje 69 Sindicatos Filiados e possu\u00ed uma categoria de 2,5 milh\u00f5es de comerci\u00e1rios no Estado de S\u00e3o Paulo. [&#038;hellip<\/p>\n","protected":false},"author":2,"featured_media":0,"parent":0,"menu_order":1,"comment_status":"open","ping_status":"closed","template":"","meta":{"footnotes":"","_links_to":"","_links_to_target":""},"class_list":["post-6","page","type-page","status-publish","hentry"],"_links":{"self":[{"href":"https:\/\/secmarilia.org.br\/site\/wp-json\/wp\/v2\/pages\/6","targetHints":{"allow":["GET"]}}],"collection":[{"href":"https:\/\/secmarilia.org.br\/site\/wp-json\/wp\/v2\/pages"}],"about":[{"href":"https:\/\/secmarilia.org.br\/site\/wp-json\/wp\/v2\/types\/page"}],"author":[{"embeddable":true,"href":"https:\/\/secmarilia.org.br\/site\/wp-json\/wp\/v2\/users\/2"}],"replies":[{"embeddable":true,"href":"https:\/\/secmarilia.org.br\/site\/wp-json\/wp\/v2\/comments?post=6"}],"version-history":[{"count":14,"href":"https:\/\/secmarilia.org.br\/site\/wp-json\/wp\/v2\/pages\/6\/revisions"}],"predecessor-version":[{"id":1918,"href":"https:\/\/secmarilia.org.br\/site\/wp-json\/wp\/v2\/pages\/6\/revisions\/1918"}],"wp:attachment":[{"href":"https:\/\/secmarilia.org.br\/site\/wp-json\/wp\/v2\/media?parent=6"}],"curies":[{"name":"wp","href":"https:\/\/api.w.org\/{rel}","templated":true}]}}

<h3></h3>
<h3><strong>O nosso Sindicato</strong></h3>
<p>O Sindicato dos Empregados no Comércio de Marília foi fundado no dia 06 do julho de 1935. A entidade é sócio-fundador da Federação dos Empregados no Comércio do Estado de São Paulo, que tem hoje 69 Sindicatos Filiados e possuí uma categoria de 2,5 milhões de comerciários no Estado de São Paulo.</p>
<p>O Sindicatos do Comerciários de Marília, tem como base territorial as cidades de Marília, Pompéia, Guaimbé, Lupércio, a, Ocauçu, Oriente, Oscar Bressane,  Vera Cruz, Amadeu Amaral  e Quintana defendendo mais de 11 mil trabalhadores comerciários.</p>
<p>O atual presidente Mário Aparecido Herrera administra a entidade com brilhantismo e garra na defesa do trabalhador comerciário</p>
<h3><strong>Nossa Sede</strong></h3>
<p>Rua Paraíba nº31 – Centro – Marília/SP</p>
<p>Telefone: (14)3413-1059</p>
<p>e-mail: <a href="mailto:sindicato@secmarilia.org.br">sindicato@secmarilia.org.br</a></p>
<p>Site: www.secmarilia.org.br</p>
<p>Facebook: www.facebook.com/comeciariosmarilia</p>
<h3><strong>Nossa Diretoria</strong></h3>
<p>Mario Aparecido Herrera<br />
<strong>Presidente</strong></p>
<p>Anderson Rodrigo P. dos Santos<br />
<strong>1º Vice-presidente</strong></p>
<p>Antônio Carlos Garcia<br />
<strong>1º Tesoureiro</strong></p>

<p>O nosso Sindicato O Sindicato dos Empregados no Comércio de Marília foi fundado no dia 06 do julho de 1935. A entidade é sócio-fundador da Federação dos Empregados no Comércio do Estado de São Paulo, que tem hoje 69 Sindicatos Filiados e possuí uma categoria de 2,5 milhões de comerciários no Estado de São Paulo. [&#038;hellip</p>
