{"id":38,"date":"2015-03-28T12:41:25","date_gmt":"2015-03-28T12:41:25","guid":{"rendered":"http:\/\/secmarilia.org.br\/site\/?page_id=38"},"modified":"2015-08-25T12:11:17","modified_gmt":"2015-08-25T12:11:17","slug":"beneficios","status":"publish","type":"page","link":"https:\/\/secmarilia.org.br\/site\/beneficios\/","title":{"rendered":"Para voc\u00ea Comerci\u00e1rio"},"content":{"rendered":"<p><a href=\"http:\/\/secmarilia.org.br\/site\/beneficios\/assistencia-juridica\/\">Assist\u00eancia Jur\u00eddica<\/a><br \/>\n<a href=\"http:\/\/secmarilia.org.br\/site\/beneficios\/auxilio-maternidade\/\">Pr\u00eamio\u00a0Maternidade<\/a><br \/>\n<a href=\"http:\/\/secmarilia.org.br\/site\/beneficios\/assistencia-odontologica\/\/\">Assit\u00eancia Odontol\u00f3gica<\/a><br \/>\n<a href=\"http:\/\/secmarilia.org.br\/site\/beneficios\/dia-das-maespais\/\">Premia\u00e7\u00e3o Dia dos M\u00e3es\/Pais<\/a><br \/>\n<a href=\"http:\/\/secmarilia.org.br\/site\/passe-momentos-especiais-com-sua-familia\/\">Centro de Lazer dos Comerci\u00e1rios<\/a><br \/>\n<a href=\"http:\/\/secmarilia.org.br\/site\/beneficios\/convenios\/\">Conv\u00eanios<\/a><br \/>\n<a href=\"http:\/\/secmarilia.org.br\/site\/beneficios\/dia-dos-comerciarios\/\">Dia dos Comerci\u00e1rios<\/a><br \/>\n<a href=\"http:\/\/secmarilia.org.br\/site\/beneficios\/material-escolar-gratuito\/\">Material Escolar Gratuito<\/a><br \/>\n<a href=\"http:\/\/secmarilia.org.br\/site\/mais-de-6-mil-casas-construidas-conquiste-o-sonho-da-casa-propria\/\">Habita\u00e7\u00e3o<\/a><\/p>\n","protected":false},"excerpt":{"rendered":"<p>Assist\u00eancia Jur\u00eddica Pr\u00eamio\u00a0Maternidade Assit\u00eancia Odontol\u00f3gica Premia\u00e7\u00e3o Dia dos M\u00e3es\/Pais Centro de Lazer dos Comerci\u00e1rios Conv\u00eanios Dia dos Comerci\u00e1rios Material Escolar Gratuito Habita\u00e7\u00e3o<\/p>\n","protected":false},"author":2,"featured_media":0,"parent":0,"menu_order":3,"comment_status":"open","ping_status":"open","template":"","meta":{"footnotes":"","_links_to":"","_links_to_target":""},"class_list":["post-38","page","type-page","status-publish","hentry"],"_links":{"self":[{"href":"https:\/\/secmarilia.org.br\/site\/wp-json\/wp\/v2\/pages\/38","targetHints":{"allow":["GET"]}}],"collection":[{"href":"https:\/\/secmarilia.org.br\/site\/wp-json\/wp\/v2\/pages"}],"about":[{"href":"https:\/\/secmarilia.org.br\/site\/wp-json\/wp\/v2\/types\/page"}],"author":[{"embeddable":true,"href":"https:\/\/secmarilia.org.br\/site\/wp-json\/wp\/v2\/users\/2"}],"replies":[{"embeddable":true,"href":"https:\/\/secmarilia.org.br\/site\/wp-json\/wp\/v2\/comments?post=38"}],"version-history":[{"count":6,"href":"https:\/\/secmarilia.org.br\/site\/wp-json\/wp\/v2\/pages\/38\/revisions"}],"predecessor-version":[{"id":426,"href":"https:\/\/secmarilia.org.br\/site\/wp-json\/wp\/v2\/pages\/38\/revisions\/426"}],"wp:attachment":[{"href":"https:\/\/secmarilia.org.br\/site\/wp-json\/wp\/v2\/media?parent=38"}],"curies":[{"name":"wp","href":"https:\/\/api.w.org\/{rel}","templated":true}]}}