{"id":34,"date":"2010-03-28T12:40:47","date_gmt":"2010-03-28T12:40:47","guid":{"rendered":"http:\/\/secmarilia.org.br\/site\/?page_id=34"},"modified":"2015-08-24T14:50:50","modified_gmt":"2015-08-24T14:50:50","slug":"convenios","status":"publish","type":"page","link":"https:\/\/secmarilia.org.br\/site\/beneficios\/convenios\/","title":{"rendered":"Conv\u00eanios"},"content":{"rendered":"<p><a href=\"http:\/\/secmarilia.org.br\/site\/acupuntura-2\/\"><strong>Acupuntura<\/strong><\/a><\/p>\n<p><strong><a href=\"http:\/\/secmarilia.org.br\/site\/cardiologista\/\">Cardiologista<\/a><\/strong><\/p>\n<p><a href=\"http:\/\/secmarilia.org.br\/site\/cirurgia-pediatrica\/\"><strong>Cirurgia Pedi\u00e1trica<\/strong><\/a><\/p>\n<p><strong><a href=\"http:\/\/secmarilia.org.br\/site\/cirurgiao-vascular\/\">Cirurgi\u00e3o Vascular<\/a><\/strong><\/p>\n<p><strong><a href=\"http:\/\/secmarilia.org.br\/site\/clinico-geral\/\">Cl\u00ednico Geral<\/a><\/strong><\/p>\n<div align=\"justify\">\n<div class=\"limite\">\n<div id=\"article\">\n<p class=\"section\"><strong><a href=\"http:\/\/secmarilia.org.br\/site\/convenios-com-optica\/\">Conv\u00eanios com\u00a0\u00d3ptica<\/a><\/strong><\/p>\n<p><a href=\"http:\/\/secmarilia.org.br\/site\/convenios-com-ultra-som-rx\/\"><strong>Conv\u00eanios com Ultra-Som &#8211; RX<\/strong><\/a><\/p>\n<p><a href=\"http:\/\/secmarilia.org.br\/site\/convenios-de-rx-e-radiografia-dental\/\"><strong>Conv\u00eanios de RX e Radiografia Dental<\/strong><\/a><a href=\"http:\/\/secmarilia.org.br\/site\/convenios-com-ultra-som-rx\/\"><strong><br \/>\n<\/strong><\/a><\/p>\n<\/div>\n<\/div>\n<p><strong><a href=\"http:\/\/secmarilia.org.br\/site\/convenios-diversos\/\">Conv\u00eanios Diversos<\/a><br \/>\n<\/strong><\/p>\n<div align=\"justify\"><strong><a href=\"http:\/\/secmarilia.org.br\/site\/convenios-medicos-em-pompeia-sp\/\">\u00a0Conv\u00eanios M\u00e9dicos em Pompeia-SP<\/a><\/strong><\/div>\n<\/div>\n<p><a href=\"http:\/\/secmarilia.org.br\/site\/dermatologista\/\">\u00a0<strong>Dermatologista<\/strong><\/a><\/p>\n<p><a href=\"http:\/\/secmarilia.org.br\/site\/digcardios\/\"><strong>DigCardios<\/strong><\/a><\/p>\n<p><a href=\"http:\/\/secmarilia.org.br\/site\/endocrinologista\/\"><strong>Endocrinologista<\/strong><\/a><\/p>\n<p><a href=\"http:\/\/secmarilia.org.br\/site\/fisioterapeuta\/\">\u00a0<strong>Fisioterapeuta<\/strong><\/a><\/p>\n<p><a href=\"http:\/\/secmarilia.org.br\/site\/fonoaudiologista\/\"><b>Fonoaudi\u00f3logo<\/b><\/a><\/p>\n<p style=\"text-align: left;\"><a href=\"http:\/\/secmarilia.org.br\/site\/ginecologista\/\"><strong>Ginecologista<\/strong><\/a><\/p>\n<p><a href=\"http:\/\/secmarilia.org.br\/site\/instituto-de-urologia\/\"><strong>Instituto de Urologia<\/strong><\/a><\/p>\n<p><a href=\"http:\/\/secmarilia.org.br\/site\/laboratorios\/\"><strong>Laborat\u00f3rios<\/strong><\/a><\/p>\n<p><a href=\"http:\/\/secmarilia.org.br\/site\/neuro-oftalmologia\/\"><strong>Neuro Oftalmologia<\/strong><\/a><\/p>\n<p><a href=\"http:\/\/secmarilia.org.br\/site\/neurologia-pediatrica\/\"><strong>Neurologia Pedi\u00e1trica<\/strong><\/a><\/p>\n<p><a href=\"http:\/\/secmarilia.org.br\/site\/neurologista\/\"><strong>Neurologista<\/strong><\/a><\/p>\n<p><a href=\"http:\/\/secmarilia.org.br\/site\/nutricionista\/\"><strong>Nutricionista<\/strong><\/a><\/p>\n<p><a href=\"http:\/\/secmarilia.org.br\/site\/obesidade\/\"><strong>Obesidade<\/strong><\/a><\/p>\n<p><a href=\"http:\/\/secmarilia.org.br\/site\/ortopedia-e-traumatologia\/\"><strong>Ortopedia e Traumatologia<\/strong><\/a><\/p>\n<p><strong><a href=\"http:\/\/secmarilia.org.br\/site\/ortopedista\/\">Ortopedista<\/a><\/strong><\/p>\n<p><a href=\"http:\/\/secmarilia.org.br\/site\/otorrinolaringologista\/\"><strong>Otorrinolaringologista<\/strong><\/a><\/p>\n<p><a href=\"http:\/\/secmarilia.org.br\/site\/patologista\/\"><strong>Patologista<\/strong><\/a><\/p>\n<p><a href=\"http:\/\/secmarilia.org.br\/site\/pediatra-homeopata\/\"><strong>Pediatra Homeopata<\/strong><\/a><\/p>\n<p><a href=\"http:\/\/secmarilia.org.br\/site\/pediatria\/\"><strong>Pediatria<\/strong><\/a><\/p>\n<p><a href=\"http:\/\/secmarilia.org.br\/site\/psicopedagoga\/\"><strong>Psicopedagoga<\/strong><\/a><\/p>\n<p><a href=\"http:\/\/secmarilia.org.br\/site\/reumatologista\/\"><strong>Reumatologista<\/strong><\/a><\/p>\n<p><a href=\"http:\/\/secmarilia.org.br\/site\/terapia-ocupacional\/\"><strong>Terapia Ocupacional<\/strong><\/a><\/p>\n<p><a href=\"http:\/\/secmarilia.org.br\/site\/vascular\/\"><strong>Vascular<\/strong><\/a><\/p>\n","protected":false},"excerpt":{"rendered":"<p>Acupuntura Cardiologista Cirurgia Pedi\u00e1trica Cirurgi\u00e3o Vascular Cl\u00ednico Geral Conv\u00eanios com\u00a0\u00d3ptica Conv\u00eanios com Ultra-Som &#8211; RX Conv\u00eanios de RX e Radiografia Dental Conv\u00eanios Diversos \u00a0Conv\u00eanios M\u00e9dicos em Pompeia-SP \u00a0Dermatologista DigCardios Endocrinologista \u00a0Fisioterapeuta Fonoaudi\u00f3logo Ginecologista Instituto de Urologia Laborat\u00f3rios Neuro Oftalmologia Neurologia Pedi\u00e1trica Neurologista Nutricionista Obesidade Ortopedia e Traumatologia Ortopedista Otorrinolaringologista Patologista Pediatra Homeopata Pediatria Psicopedagoga Reumatologista [&#038;hellip<\/p>\n","protected":false},"author":2,"featured_media":0,"parent":38,"menu_order":3,"comment_status":"open","ping_status":"open","template":"","meta":{"footnotes":"","_links_to":"","_links_to_target":""},"class_list":["post-34","page","type-page","status-publish","hentry"],"_links":{"self":[{"href":"https:\/\/secmarilia.org.br\/site\/wp-json\/wp\/v2\/pages\/34","targetHints":{"allow":["GET"]}}],"collection":[{"href":"https:\/\/secmarilia.org.br\/site\/wp-json\/wp\/v2\/pages"}],"about":[{"href":"https:\/\/secmarilia.org.br\/site\/wp-json\/wp\/v2\/types\/page"}],"author":[{"embeddable":true,"href":"https:\/\/secmarilia.org.br\/site\/wp-json\/wp\/v2\/users\/2"}],"replies":[{"embeddable":true,"href":"https:\/\/secmarilia.org.br\/site\/wp-json\/wp\/v2\/comments?post=34"}],"version-history":[{"count":21,"href":"https:\/\/secmarilia.org.br\/site\/wp-json\/wp\/v2\/pages\/34\/revisions"}],"predecessor-version":[{"id":217,"href":"https:\/\/secmarilia.org.br\/site\/wp-json\/wp\/v2\/pages\/34\/revisions\/217"}],"up":[{"embeddable":true,"href":"https:\/\/secmarilia.org.br\/site\/wp-json\/wp\/v2\/pages\/38"}],"wp:attachment":[{"href":"https:\/\/secmarilia.org.br\/site\/wp-json\/wp\/v2\/media?parent=34"}],"curies":[{"name":"wp","href":"https:\/\/api.w.org\/{rel}","templated":true}]}}