{"id":1168,"date":"2019-09-18T14:24:05","date_gmt":"2019-09-18T14:24:05","guid":{"rendered":"http:\/\/secmarilia.org.br\/site\/?page_id=1168"},"modified":"2020-01-02T18:20:40","modified_gmt":"2020-01-02T18:20:40","slug":"pre-inscricoes-habitacao","status":"publish","type":"page","link":"https:\/\/secmarilia.org.br\/site\/pre-inscricoes-habitacao\/","title":{"rendered":"PR\u00c9 INSCRI\u00c7\u00d5ES HABITA\u00c7\u00c3O"},"content":{"rendered":"<figure class=\"wp-block-image\"><img loading=\"lazy\" decoding=\"async\" width=\"1200\" height=\"467\" src=\"http:\/\/secmarilia.org.br\/site\/wp-content\/uploads\/2019\/09\/FIRENZE1.jpg\" alt=\"\" class=\"wp-image-1178\" srcset=\"https:\/\/secmarilia.org.br\/site\/wp-content\/uploads\/2019\/09\/FIRENZE1.jpg 1200w, https:\/\/secmarilia.org.br\/site\/wp-content\/uploads\/2019\/09\/FIRENZE1-500x195.jpg 500w, https:\/\/secmarilia.org.br\/site\/wp-content\/uploads\/2019\/09\/FIRENZE1-768x299.jpg 768w, https:\/\/secmarilia.org.br\/site\/wp-content\/uploads\/2019\/09\/FIRENZE1-600x234.jpg 600w\" sizes=\"auto, (max-width: 1200px) 100vw, 1200px\" \/><\/figure>\n<h1 class=\"wp-block-heading\">REALIZE SEU SONHO!<br \/>PR\u00c9-INSCRI\u00c7\u00d5ES HABITACIONAL PARA FUTUROS EMPREENDIMENTOS<\/h1>\n<div class=\"wpforms-container wpforms-container-full\" id=\"wpforms-1151\">\n<form id=\"wpforms-form-1151\" class=\"wpforms-validate wpforms-form\" data-formid=\"1151\" method=\"post\" enctype=\"multipart\/form-data\" action=\"\/site\/wp-json\/wp\/v2\/pages\/1168\" data-token=\"485bda731a277ebcf7d27bbae87ceb6a\" data-token-time=\"1776419958\"><noscript class=\"wpforms-error-noscript\">Ative o JavaScript no seu navegador para preencher este formul\u00e1rio.<\/noscript><\/p>\n<div class=\"wpforms-field-container\">\n<div id=\"wpforms-1151-field_0-container\" class=\"wpforms-field wpforms-field-name\" data-field-id=\"0\"><label class=\"wpforms-field-label\" for=\"wpforms-1151-field_0\">NOME COMPLETO <span class=\"wpforms-required-label\">*<\/span><\/label><input type=\"text\" id=\"wpforms-1151-field_0\" class=\"wpforms-field-large wpforms-field-required\" name=\"wpforms[fields][0]\" required><\/div>\n<div id=\"wpforms-1151-field_31-container\" class=\"wpforms-field wpforms-field-checkbox\" data-field-id=\"31\"><label class=\"wpforms-field-label\">BENS EM SEU NOME<\/label><\/p>\n<ul id=\"wpforms-1151-field_31\">\n<li class=\"choice-1 depth-1\"><input type=\"checkbox\" id=\"wpforms-1151-field_31_1\" name=\"wpforms[fields][31][]\" value=\"VE\u00cdCULO (CARRO\/MOTO)\"  ><label class=\"wpforms-field-label-inline\" for=\"wpforms-1151-field_31_1\">VE\u00cdCULO (CARRO\/MOTO)<\/label><\/li>\n<li class=\"choice-2 depth-1\"><input type=\"checkbox\" id=\"wpforms-1151-field_31_2\" name=\"wpforms[fields][31][]\" value=\"CASA PR\u00d3PRIA\"  ><label class=\"wpforms-field-label-inline\" for=\"wpforms-1151-field_31_2\">CASA PR\u00d3PRIA<\/label><\/li>\n<li class=\"choice-3 depth-1\"><input type=\"checkbox\" id=\"wpforms-1151-field_31_3\" name=\"wpforms[fields][31][]\" value=\"TERRENO\"  ><label class=\"wpforms-field-label-inline\" for=\"wpforms-1151-field_31_3\">TERRENO<\/label><\/li>\n<\/ul>\n<\/div>\n<div id=\"wpforms-1151-field_34-container\" class=\"wpforms-field wpforms-field-text\" data-field-id=\"34\"><label class=\"wpforms-field-label\" for=\"wpforms-1151-field_34\">VALOR TOTAL APROXIMADO DOS BENS<\/label><input type=\"text\" id=\"wpforms-1151-field_34\" class=\"wpforms-field-small\" name=\"wpforms[fields][34]\" ><\/div>\n<div id=\"wpforms-1151-field_33-container\" class=\"wpforms-field wpforms-field-radio\" data-field-id=\"33\"><label class=\"wpforms-field-label\">SOBRE O FGTS &#8211; FUNDO DE GARANTIA POR TEMPO DE SERVI\u00c7O<\/label><\/p>\n<ul id=\"wpforms-1151-field_33\">\n<li class=\"choice-1 depth-1\"><input type=\"radio\" id=\"wpforms-1151-field_33_1\" name=\"wpforms[fields][33]\" value=\"J\u00c1 TEVE CONTA POR MAIS DE  2 ANOS DO FGTS E N\u00c3O TEM MAIS\"  ><label class=\"wpforms-field-label-inline\" for=\"wpforms-1151-field_33_1\">J\u00c1 TEVE CONTA POR MAIS DE  2 ANOS DO FGTS E N\u00c3O TEM MAIS<\/label><\/li>\n<li class=\"choice-2 depth-1\"><input type=\"radio\" id=\"wpforms-1151-field_33_2\" name=\"wpforms[fields][33]\" value=\"TENHO CONTA ATIVA DO FGTS POR MAIS DE  2 ANOS\"  ><label class=\"wpforms-field-label-inline\" for=\"wpforms-1151-field_33_2\">TENHO CONTA ATIVA DO FGTS POR MAIS DE  2 ANOS<\/label><\/li>\n<li class=\"choice-3 depth-1\"><input type=\"radio\" id=\"wpforms-1151-field_33_3\" name=\"wpforms[fields][33]\" value=\"NUNCA TIVE CONTA DO FGTS\"  ><label class=\"wpforms-field-label-inline\" for=\"wpforms-1151-field_33_3\">NUNCA TIVE CONTA DO FGTS<\/label><\/li>\n<\/ul>\n<\/div>\n<div id=\"wpforms-1151-field_7-container\" class=\"wpforms-field wpforms-field-text\" data-field-id=\"7\"><label class=\"wpforms-field-label\" for=\"wpforms-1151-field_7\">RENDA BRUTA <span class=\"wpforms-required-label\">*<\/span><\/label><input type=\"text\" id=\"wpforms-1151-field_7\" class=\"wpforms-field-small wpforms-field-required\" name=\"wpforms[fields][7]\" required><\/div>\n<div id=\"wpforms-1151-field_21-container\" class=\"wpforms-field wpforms-field-text\" data-field-id=\"21\"><label class=\"wpforms-field-label\" for=\"wpforms-1151-field_21\">RG <span class=\"wpforms-required-label\">*<\/span><\/label><input type=\"text\" id=\"wpforms-1151-field_21\" class=\"wpforms-field-small wpforms-field-required\" name=\"wpforms[fields][21]\" required><\/div>\n<div id=\"wpforms-1151-field_20-container\" class=\"wpforms-field wpforms-field-text\" data-field-id=\"20\"><label class=\"wpforms-field-label\" for=\"wpforms-1151-field_20\">CPF <span class=\"wpforms-required-label\">*<\/span><\/label><input type=\"text\" id=\"wpforms-1151-field_20\" class=\"wpforms-field-small wpforms-field-required\" name=\"wpforms[fields][20]\" required><\/div>\n<div id=\"wpforms-1151-field_22-container\" class=\"wpforms-field wpforms-field-text\" data-field-id=\"22\"><label class=\"wpforms-field-label\" for=\"wpforms-1151-field_22\">TELEFONE CELULAR <span class=\"wpforms-required-label\">*<\/span><\/label><input type=\"text\" id=\"wpforms-1151-field_22\" class=\"wpforms-field-small wpforms-field-required\" name=\"wpforms[fields][22]\" required><\/div>\n<div id=\"wpforms-1151-field_23-container\" class=\"wpforms-field wpforms-field-text\" data-field-id=\"23\"><label class=\"wpforms-field-label\" for=\"wpforms-1151-field_23\">TELEFONE RESIDENCIAL <span class=\"wpforms-required-label\">*<\/span><\/label><input type=\"text\" id=\"wpforms-1151-field_23\" class=\"wpforms-field-small wpforms-field-required\" name=\"wpforms[fields][23]\" required><\/div>\n<div id=\"wpforms-1151-field_26-container\" class=\"wpforms-field wpforms-field-text\" data-field-id=\"26\"><label class=\"wpforms-field-label\" for=\"wpforms-1151-field_26\">ENDERE\u00c7O\/COMPLEMENTO <span class=\"wpforms-required-label\">*<\/span><\/label><input type=\"text\" id=\"wpforms-1151-field_26\" class=\"wpforms-field-large wpforms-field-required\" name=\"wpforms[fields][26]\" required><\/div>\n<div id=\"wpforms-1151-field_24-container\" class=\"wpforms-field wpforms-field-text\" data-field-id=\"24\"><label class=\"wpforms-field-label\" for=\"wpforms-1151-field_24\">BAIRRO <span class=\"wpforms-required-label\">*<\/span><\/label><input type=\"text\" id=\"wpforms-1151-field_24\" class=\"wpforms-field-small wpforms-field-required\" name=\"wpforms[fields][24]\" required><\/div>\n<div id=\"wpforms-1151-field_27-container\" class=\"wpforms-field wpforms-field-text\" data-field-id=\"27\"><label class=\"wpforms-field-label\" for=\"wpforms-1151-field_27\">CEP <span class=\"wpforms-required-label\">*<\/span><\/label><input type=\"text\" id=\"wpforms-1151-field_27\" class=\"wpforms-field-small wpforms-field-required\" name=\"wpforms[fields][27]\" required><\/div>\n<div id=\"wpforms-1151-field_9-container\" class=\"wpforms-field wpforms-field-radio\" data-field-id=\"9\"><label class=\"wpforms-field-label\">ESTADO CIVIL <span class=\"wpforms-required-label\">*<\/span><\/label><\/p>\n<ul id=\"wpforms-1151-field_9\" class=\"wpforms-field-required\">\n<li class=\"choice-1 depth-1\"><input type=\"radio\" id=\"wpforms-1151-field_9_1\" name=\"wpforms[fields][9]\" value=\"CASADO\" required ><label class=\"wpforms-field-label-inline\" for=\"wpforms-1151-field_9_1\">CASADO<\/label><\/li>\n<li class=\"choice-2 depth-1\"><input type=\"radio\" id=\"wpforms-1151-field_9_2\" name=\"wpforms[fields][9]\" value=\"SOLTEIRO\" required ><label class=\"wpforms-field-label-inline\" for=\"wpforms-1151-field_9_2\">SOLTEIRO<\/label><\/li>\n<li class=\"choice-5 depth-1\"><input type=\"radio\" id=\"wpforms-1151-field_9_5\" name=\"wpforms[fields][9]\" value=\"SEPARADO(A)\/DESQUITADO(A)\/DIVORCIADO(A)\" required ><label class=\"wpforms-field-label-inline\" for=\"wpforms-1151-field_9_5\">SEPARADO(A)\/DESQUITADO(A)\/DIVORCIADO(A)<\/label><\/li>\n<li class=\"choice-6 depth-1\"><input type=\"radio\" id=\"wpforms-1151-field_9_6\" name=\"wpforms[fields][9]\" value=\"VIUVO(A)\" required ><label class=\"wpforms-field-label-inline\" for=\"wpforms-1151-field_9_6\">VIUVO(A)<\/label><\/li>\n<\/ul>\n<\/div>\n<div id=\"wpforms-1151-field_12-container\" class=\"wpforms-field wpforms-field-name\" data-field-id=\"12\"><label class=\"wpforms-field-label\" for=\"wpforms-1151-field_12\">NOME DA ESPOSA SE CASADO FOR<\/label><input type=\"text\" id=\"wpforms-1151-field_12\" class=\"wpforms-field-large\" name=\"wpforms[fields][12]\" ><\/div>\n<div id=\"wpforms-1151-field_17-container\" class=\"wpforms-field wpforms-field-email\" data-field-id=\"17\"><label class=\"wpforms-field-label\" for=\"wpforms-1151-field_17\">E-mail <span class=\"wpforms-required-label\">*<\/span><\/label><input type=\"email\" id=\"wpforms-1151-field_17\" class=\"wpforms-field-large wpforms-field-required\" name=\"wpforms[fields][17]\" spellcheck=\"false\" required><\/div>\n<div id=\"wpforms-1151-field_28-container\" class=\"wpforms-field wpforms-field-checkbox\" data-field-id=\"28\"><label class=\"wpforms-field-label\">Caixas de marca\u00e7\u00e3o <span class=\"wpforms-required-label\">*<\/span><\/label><\/p>\n<ul id=\"wpforms-1151-field_28\" class=\"wpforms-field-required\">\n<li class=\"choice-1 depth-1\"><input type=\"checkbox\" id=\"wpforms-1151-field_28_1\" name=\"wpforms[fields][28][]\" value=\"Autorizo, consultar as informa\u00e7\u00f5es consolidadas relativas a minha pessoa, constantes no Sistema de Informa\u00e7\u00f5es de Cr\u00e9ditos SERASA e BACEN. Autorizo, ainda, a CAIXA a fornecer informa\u00e7\u00f5es sobre as opera\u00e7\u00f5es de cr\u00e9dito com ela realizadas, bem como os extratos de contas do FGTS, em meu nome, no sentido de compor o pr\u00e9-cadastro para fins de financiamento imobili\u00e1rio. Os presentes dados s\u00e3o verdadeiros e visam facilitar os processos de negocia\u00e7\u00e3o e transa\u00e7\u00f5es comerciais a meu respeito.\" required ><label class=\"wpforms-field-label-inline\" for=\"wpforms-1151-field_28_1\">Autorizo, consultar as informa\u00e7\u00f5es consolidadas relativas a minha pessoa, constantes no Sistema de Informa\u00e7\u00f5es de Cr\u00e9ditos SERASA e BACEN. Autorizo, ainda, a CAIXA a fornecer informa\u00e7\u00f5es sobre as opera\u00e7\u00f5es de cr\u00e9dito com ela realizadas, bem como os extratos de contas do FGTS, em meu nome, no sentido de compor o pr\u00e9-cadastro para fins de financiamento imobili\u00e1rio. Os presentes dados s\u00e3o verdadeiros e visam facilitar os processos de negocia\u00e7\u00e3o e transa\u00e7\u00f5es comerciais a meu respeito.<\/label><\/li>\n<\/ul>\n<\/div>\n<\/div>\n<p><!-- .wpforms-field-container --><\/p>\n<div class=\"wpforms-field wpforms-field-hp\"><label for=\"wpforms-1151-field-hp\" class=\"wpforms-field-label\">Website<\/label><input type=\"text\" name=\"wpforms[hp]\" id=\"wpforms-1151-field-hp\" class=\"wpforms-field-medium\"><\/div>\n<div class=\"wpforms-submit-container\" ><input type=\"hidden\" name=\"wpforms[id]\" value=\"1151\"><input type=\"hidden\" name=\"page_title\" value=\"\"><input type=\"hidden\" name=\"page_url\" value=\"https:\/\/secmarilia.org.br\/site\/wp-json\/wp\/v2\/pages\/1168\"><input type=\"hidden\" name=\"url_referer\" value=\"\"><button type=\"submit\" name=\"wpforms[submit]\" id=\"wpforms-submit-1151\" class=\"wpforms-submit\" data-alt-text=\"Enviando...\" data-submit-text=\"Enviar\" aria-live=\"assertive\" value=\"wpforms-submit\">Enviar<\/button><\/div>\n<\/form>\n<\/div>\n<p>  <!-- .wpforms-container --><\/p>\n","protected":false},"excerpt":{"rendered":"<p>REALIZE SEU SONHO!PR\u00c9-INSCRI\u00c7\u00d5ES HABITACIONAL PARA FUTUROS <\/p>\n","protected":false},"author":2,"featured_media":0,"parent":0,"menu_order":9,"comment_status":"closed","ping_status":"closed","template":"full-width.php","meta":{"footnotes":"","_links_to":"","_links_to_target":""},"class_list":["post-1168","page","type-page","status-publish","hentry"],"_links":{"self":[{"href":"https:\/\/secmarilia.org.br\/site\/wp-json\/wp\/v2\/pages\/1168","targetHints":{"allow":["GET"]}}],"collection":[{"href":"https:\/\/secmarilia.org.br\/site\/wp-json\/wp\/v2\/pages"}],"about":[{"href":"https:\/\/secmarilia.org.br\/site\/wp-json\/wp\/v2\/types\/page"}],"author":[{"embeddable":true,"href":"https:\/\/secmarilia.org.br\/site\/wp-json\/wp\/v2\/users\/2"}],"replies":[{"embeddable":true,"href":"https:\/\/secmarilia.org.br\/site\/wp-json\/wp\/v2\/comments?post=1168"}],"version-history":[{"count":12,"href":"https:\/\/secmarilia.org.br\/site\/wp-json\/wp\/v2\/pages\/1168\/revisions"}],"predecessor-version":[{"id":1233,"href":"https:\/\/secmarilia.org.br\/site\/wp-json\/wp\/v2\/pages\/1168\/revisions\/1233"}],"wp:attachment":[{"href":"https:\/\/secmarilia.org.br\/site\/wp-json\/wp\/v2\/media?parent=1168"}],"curies":[{"name":"wp","href":"https:\/\/api.w.org\/{rel}","templated":true}]}}